{"id":989466,"date":"2025-07-12T13:46:37","date_gmt":"2025-07-12T13:46:37","guid":{"rendered":"https:\/\/almadocampo.com.br\/?post_type=product&#038;p=989466"},"modified":"2026-04-13T18:40:17","modified_gmt":"2026-04-13T18:40:17","slug":"home-spray-200ml-despertar-da-primavera","status":"publish","type":"product","link":"https:\/\/almadocampo.com.br\/pt\/produto\/home-spray-200ml-despertar-da-primavera\/","title":{"rendered":"Home Spray 200ml \u2013 Despertar da Primavera"},"content":{"rendered":"<div class=\"vgblk-rw-wrapper limit-wrapper\">&nbsp;<\/p>\n<p>&nbsp;<\/p>\n<p><span style=\"font-weight: 400;\">O Home Spray &#8216;Despertar da Primavera&#8217; celebra a leveza dos dias floridos e o frescor que anuncia recome\u00e7os.<\/span><\/p>\n<p><span style=\"font-weight: 400;\">Com notas suaves e encantadoras da flor de cerejeira asi\u00e1tica, s\u00edmbolo da renova\u00e7\u00e3o e da beleza sutil, este spray perfuma de forma pr\u00e1tica e imediata, levando frescor e serenidade a qualquer ambiente.<\/span><\/p>\n<p><span style=\"font-weight: 400;\">Sua f\u00f3rmula combina base vegetal biodegrad\u00e1vel, \u00f3leo essencial e fragr\u00e2ncia natural de alta qualidade, sem ingredientes agressivos \u00e0 sa\u00fade ou ao planeta.<\/span><\/p>\n<p>&nbsp;<\/p><\/div>\n<p><!-- .vgblk-rw-wrapper --><\/p>","protected":false},"excerpt":{"rendered":"<ul>\n<li><span style=\"font-weight: 400;\">\u00c1lcool de cereais<\/span><\/li>\n<li><span style=\"font-weight: 400;\">\u00d3leo essencial e fragr\u00e2ncia natural de flor de cerejeira asi\u00e1tica<\/span><\/li>\n<li><span style=\"font-weight: 400;\">Solubilizante e fixador<\/span><\/li>\n<li><span style=\"font-weight: 400;\">Frasco de vidro com v\u00e1lvula spray<\/span><\/li>\n<\/ul>\n<p>&nbsp;<\/p>\n<p>&nbsp;<\/p>","protected":false},"featured_media":989557,"comment_status":"open","ping_status":"closed","template":"","meta":{"inline_featured_image":false},"product_brand":[156],"product_cat":[195,117],"product_tag":[217,167,185,166,186,225,168,187],"class_list":{"0":"post-989466","1":"product","2":"type-product","3":"status-publish","4":"has-post-thumbnail","6":"product_brand-alma-do-campo-home-sensation","7":"product_cat-colecao-momentos","8":"product_cat-home-spray","9":"product_tag-aroma-floral","10":"product_tag-bem-estar","11":"product_tag-despertar-da-primavera","12":"product_tag-feito-a-mao","13":"product_tag-flor-de-cerejeira","14":"product_tag-home-spray-artesanal","15":"product_tag-perfume-para-casa","16":"product_tag-primavera","17":"pa_fragrancia-frutas-vermelhas","18":"pa_marca-alma-do-campo","19":"pa_size-169g","21":"first","22":"instock","23":"shipping-taxable","24":"purchasable","25":"product-type-simple"},"_links":{"self":[{"href":"https:\/\/almadocampo.com.br\/pt\/wp-json\/wp\/v2\/product\/989466","targetHints":{"allow":["GET"]}}],"collection":[{"href":"https:\/\/almadocampo.com.br\/pt\/wp-json\/wp\/v2\/product"}],"about":[{"href":"https:\/\/almadocampo.com.br\/pt\/wp-json\/wp\/v2\/types\/product"}],"replies":[{"embeddable":true,"href":"https:\/\/almadocampo.com.br\/pt\/wp-json\/wp\/v2\/comments?post=989466"}],"version-history":[{"count":2,"href":"https:\/\/almadocampo.com.br\/pt\/wp-json\/wp\/v2\/product\/989466\/revisions"}],"predecessor-version":[{"id":989570,"href":"https:\/\/almadocampo.com.br\/pt\/wp-json\/wp\/v2\/product\/989466\/revisions\/989570"}],"wp:featuredmedia":[{"embeddable":true,"href":"https:\/\/almadocampo.com.br\/pt\/wp-json\/wp\/v2\/media\/989557"}],"wp:attachment":[{"href":"https:\/\/almadocampo.com.br\/pt\/wp-json\/wp\/v2\/media?parent=989466"}],"wp:term":[{"taxonomy":"product_brand","embeddable":true,"href":"https:\/\/almadocampo.com.br\/pt\/wp-json\/wp\/v2\/product_brand?post=989466"},{"taxonomy":"product_cat","embeddable":true,"href":"https:\/\/almadocampo.com.br\/pt\/wp-json\/wp\/v2\/product_cat?post=989466"},{"taxonomy":"product_tag","embeddable":true,"href":"https:\/\/almadocampo.com.br\/pt\/wp-json\/wp\/v2\/product_tag?post=989466"}],"curies":[{"name":"wp","href":"https:\/\/api.w.org\/{rel}","templated":true}]}}

<div class="vgblk-rw-wrapper limit-wrapper">&nbsp;</p>
<p>&nbsp;</p>
<p><span style="font-weight: 400;">O Home Spray &#8216;Despertar da Primavera&#8217; celebra a leveza dos dias floridos e o frescor que anuncia recomeços.</span></p>
<p><span style="font-weight: 400;">Com notas suaves e encantadoras da flor de cerejeira asiática, símbolo da renovação e da beleza sutil, este spray perfuma de forma prática e imediata, levando frescor e serenidade a qualquer ambiente.</span></p>
<p><span style="font-weight: 400;">Sua fórmula combina base vegetal biodegradável, óleo essencial e fragrância natural de alta qualidade, sem ingredientes agressivos à saúde ou ao planeta.</span></p>
<p>&nbsp;</p></div>
<p><!-- .vgblk-rw-wrapper --></p>

<ul>
<li><span style="font-weight: 400;">Álcool de cereais</span></li>
<li><span style="font-weight: 400;">Óleo essencial e fragrância natural de flor de cerejeira asiática</span></li>
<li><span style="font-weight: 400;">Solubilizante e fixador</span></li>
<li><span style="font-weight: 400;">Frasco de vidro com válvula spray</span></li>
</ul>
<p>&nbsp;</p>
<p>&nbsp;</p>
