{"id":989347,"date":"2025-07-11T16:24:28","date_gmt":"2025-07-11T16:24:28","guid":{"rendered":"https:\/\/almadocampo.com.br\/?post_type=product&#038;p=989347"},"modified":"2026-04-13T18:41:18","modified_gmt":"2026-04-13T18:41:18","slug":"vela-aromatica-169g-aconchego-do-lar","status":"publish","type":"product","link":"https:\/\/almadocampo.com.br\/pt\/produto\/vela-aromatica-169g-aconchego-do-lar\/","title":{"rendered":"Vela Arom\u00e1tica 169g \u2013 Aconchego do Lar"},"content":{"rendered":"<div class=\"vgblk-rw-wrapper limit-wrapper\">\n<ul>\n<li>Elaborada com ceras vegetais de coco, arroz e palma, esta vela artesanal traz o perfume envolvente de um bolo de chocolate rec\u00e9m-assado, com notas doces e profundas que lembram casa cheia e tardes de aconchego.<\/li>\n<li>Seu pavio de madeira de reflorestamento queima com um som suave e estalante, como forno aceso e mem\u00f3rias em movimento.<\/li>\n<li>A fragr\u00e2ncia &#8216;Aconchego do Lar&#8217; transforma o ambiente em um espa\u00e7o de conforto sensorial e lembran\u00e7as afetivas.<\/li>\n<li>Queima limpa, sem aditivos qu\u00edmicos ou cheiro de queimado. Tampa ecol\u00f3gica de madeira inclusa.<\/li>\n<\/ul>\n<\/div>\n<p><!-- .vgblk-rw-wrapper --><\/p>","protected":false},"excerpt":{"rendered":"<ul>\n<li><span style=\"font-weight: 400;\">Ceras vegetais (coco, arroz e palma)<\/span><\/li>\n<li><span style=\"font-weight: 400;\">\u00d3leos essenciais de alta qualidade<\/span><\/li>\n<li><span style=\"font-weight: 400;\">Pavio ecol\u00f3gico de madeira de reflorestamento<\/span><\/li>\n<li><span style=\"font-weight: 400;\">Frasco de vidro com tampa ecol\u00f3gica de madeira<\/span><span style=\"font-weight: 400;\"><br \/>\n<\/span><\/li>\n<\/ul>\n<p>&nbsp;<\/p>\n<p>&nbsp;<\/p>","protected":false},"featured_media":989638,"comment_status":"open","ping_status":"closed","template":"","meta":{"inline_featured_image":false},"product_brand":[156],"product_cat":[195,234,43],"product_tag":[169,167,85,166,101,168,76,46],"class_list":{"0":"post-989347","1":"product","2":"type-product","3":"status-publish","4":"has-post-thumbnail","6":"product_brand-alma-do-campo-home-sensation","7":"product_cat-colecao-momentos","8":"product_cat-natal","9":"product_cat-velas-aromaticas","10":"product_tag-aroma-exclusivo","11":"product_tag-bem-estar","12":"product_tag-cera-vegetal","13":"product_tag-feito-a-mao","14":"product_tag-pavio-de-madeira","15":"product_tag-perfume-para-casa","16":"product_tag-tardes-de-outono","17":"product_tag-vela-artesanal","18":"pa_fragrancia-canela-da-india-com-especiarias","19":"pa_marca-alma-do-campo","20":"pa_size-169g","22":"first","23":"instock","24":"featured","25":"shipping-taxable","26":"purchasable","27":"product-type-simple"},"_links":{"self":[{"href":"https:\/\/almadocampo.com.br\/pt\/wp-json\/wp\/v2\/product\/989347","targetHints":{"allow":["GET"]}}],"collection":[{"href":"https:\/\/almadocampo.com.br\/pt\/wp-json\/wp\/v2\/product"}],"about":[{"href":"https:\/\/almadocampo.com.br\/pt\/wp-json\/wp\/v2\/types\/product"}],"replies":[{"embeddable":true,"href":"https:\/\/almadocampo.com.br\/pt\/wp-json\/wp\/v2\/comments?post=989347"}],"version-history":[{"count":1,"href":"https:\/\/almadocampo.com.br\/pt\/wp-json\/wp\/v2\/product\/989347\/revisions"}],"predecessor-version":[{"id":989348,"href":"https:\/\/almadocampo.com.br\/pt\/wp-json\/wp\/v2\/product\/989347\/revisions\/989348"}],"wp:featuredmedia":[{"embeddable":true,"href":"https:\/\/almadocampo.com.br\/pt\/wp-json\/wp\/v2\/media\/989638"}],"wp:attachment":[{"href":"https:\/\/almadocampo.com.br\/pt\/wp-json\/wp\/v2\/media?parent=989347"}],"wp:term":[{"taxonomy":"product_brand","embeddable":true,"href":"https:\/\/almadocampo.com.br\/pt\/wp-json\/wp\/v2\/product_brand?post=989347"},{"taxonomy":"product_cat","embeddable":true,"href":"https:\/\/almadocampo.com.br\/pt\/wp-json\/wp\/v2\/product_cat?post=989347"},{"taxonomy":"product_tag","embeddable":true,"href":"https:\/\/almadocampo.com.br\/pt\/wp-json\/wp\/v2\/product_tag?post=989347"}],"curies":[{"name":"wp","href":"https:\/\/api.w.org\/{rel}","templated":true}]}}

Vela Aromática 169g – Aconchego do Lar

<div class="vgblk-rw-wrapper limit-wrapper">
<ul>
<li>Elaborada com ceras vegetais de coco, arroz e palma, esta vela artesanal traz o perfume envolvente de um bolo de chocolate recém-assado, com notas doces e profundas que lembram casa cheia e tardes de aconchego.</li>
<li>Seu pavio de madeira de reflorestamento queima com um som suave e estalante, como forno aceso e memórias em movimento.</li>
<li>A fragrância &#8216;Aconchego do Lar&#8217; transforma o ambiente em um espaço de conforto sensorial e lembranças afetivas.</li>
<li>Queima limpa, sem aditivos químicos ou cheiro de queimado. Tampa ecológica de madeira inclusa.</li>
</ul>
</div>
<p><!-- .vgblk-rw-wrapper --></p>

<ul>
<li><span style="font-weight: 400;">Ceras vegetais (coco, arroz e palma)</span></li>
<li><span style="font-weight: 400;">Óleos essenciais de alta qualidade</span></li>
<li><span style="font-weight: 400;">Pavio ecológico de madeira de reflorestamento</span></li>
<li><span style="font-weight: 400;">Frasco de vidro com tampa ecológica de madeira</span><span style="font-weight: 400;"><br />
</span></li>
</ul>
<p>&nbsp;</p>
<p>&nbsp;</p>
